
What is the tens digit of 647664?
6
What is the thousands digit of 9432075?
2
What is the hundred thousands digit of 1418671?
4
What is the units digit of 205448?
8
What is the thousands digit of 891181?
1
What is the hundreds digit of 559739?
7
What is the tens digit of 1759464?
6
What is the hundreds digit of 310197?
1
What is the thousands digit of 2082767?
2
What is the thousands digit of 1014455?
4
What is the units digit of 925537?
7
What is the hundreds digit of 264322?
3
What is the millions digit of 3859260?
3
What is the thousands digit of 106512?
6
What is the thousands digit of 316636?
6
What is the millions digit of 18268480?
8
What is the millions digit of 4261714?
4
What is the units digit of 546953?
3
What is the millions digit of 8278937?
8
What is the hundreds digit of 85039?
0
What is the units digit of 1960338?
8
What is the hundreds digit of 1631773?
7
What is the thousands digit of 104946?
4
What is the tens digit of 52845?
4
What is the units digit of 1657676?
6
What is the ten thousands digit of 6185146?
8
What is the thousands digit of 48738?
8
What is the units digit of 183009?
9
What is the ten thousands digit of 24367236?
6
What is the units digit of 21657132?
2
What is the tens digit of 392985?
8
What is the thousands digit of 58221?
8
What is the thousands digit of 95091?
5
What is the thousands digit of 1280598?
0
What is the ten thousands digit of 9261092?
6
What is the thousands digit of 235341?
5
What is the tens digit of 19190594?
9
What is the units digit of 8769054?
4
What is the hundred thousands digit of 2881533?
8
What is the hundreds digit of 6521225?
2
What is the tens digit of 1525712?
1
What is the thousands digit of 56521?
6
What is the millions digit of 3976730?
3
What is the tens digit of 288175?
7
What is the thousands digit of 8037908?
7
What is the millions digit of 1393008?
1
What is the hundred thousands digit of 1579783?
5
What is the ten millions digit of 18284260?
1
What is the tens digit of 4410050?
5
What is the units digit of 5192?
2
What is the ten thousands digit of 223262?
2
What is the hundreds digit of 98550?
5
What is the ten thousands digit of 685472?
8
What is the ten thousands digit of 818771?
1
What is the thousands digit of 4539?
4
What is the hundred thousands digit of 328537?
3
What is the hundred thousands digit of 391793?
3
What is the ten thousands digit of 6908913?
0
What is the thousands digit of 1875700?
5
What is the ten millions digit of 24010370?
2
What is the ten thousands digit of 673271?
7
What is the millions digit of 10043618?
0
What is the ten thousands digit of 431756?
3
What is the thousands digit of 85871?
5
What is the thousands digit of 268154?
8
What is the thousands digit of 517122?
7
What is the thousands digit of 24223903?
3
What is the millions digit of 1814229?
1
What is the tens digit of 1406420?
2
What is the hundreds digit of 60854?
8
What is the hundred thousands digit of 176357?
1
What is the tens digit of 206936?
3
What is the units digit of 702058?
8
What is the units digit of 9721026?
6
What is the ten thousands digit of 204064?
0
What is the tens digit of 87433?
3
What is the tens digit of 45408?
0
What is the ten millions digit of 23436044?
2
What is the ten thousands digit of 361903?
6
What is the ten thousands digit of 1008960?
0
What is the tens digit of 4759841?
4
What is the ten millions digit of 22834076?
2
What is the hundred thousands digit of 7833740?
8
What is the ten millions digit of 23782705?
2
What is the hundreds digit of 28278095?
0
What is the hundred thousands digit of 3495701?
4
What is the ten thousands digit of 6535830?
3
What is the hundreds digit of 1120552?
5
What is the hundred thousands digit of 122398?
1
What is the hundreds digit of 179627?
6
What is the hundred thousands digit of 1114850?
1
What is the hundred thousands digit of 743338?
7
What is the tens digit of 11352672?
7
What is the ten thousands digit of 5340502?
4
What is the tens digit of 1947?
4
What is the hundreds digit of 279769?
7
What is the ten thousands digit of 38250?
3
What is the units digit of 17571574?
4
What is the ten thousands digit of 452715?
5
What is the units digit of 950687?
7
What is the units digit of 1726466?
6
What is the thousands digit of 24959?
4
What is the hundreds digit of 15722018?
0
What is the hundred thousands digit of 6191515?
1
What is the tens digit of 21639908?
0
What is the thousands digit of 2892511?
2
What is the ten thousands digit of 7986169?
8
What is the ten thousands digit of 435990?
3
What is the thousands digit of 1597310?
7
What is the ten millions digit of 18088358?
1
What is the hundred thousands digit of 253104?
2
What is the hundred thousands digit of 2949175?
9
What is the ten thousands digit of 12249763?
4
What is the thousands digit of 3925524?
5
What is the ten thousands digit of 5128397?
2
What is the hundred thousands digit of 685246?
6
What is the tens digit of 5174355?
5
What is the units digit of 575377?
7
What is the thousands digit of 11466329?
6
What is the units digit of 310323?
3
What is the millions digit of 2352615?
2
What is the units digit of 94549?
9
What is the hundred thousands digit of 498151?
4
What is the thousands digit of 4497519?
7
What is the tens digit of 90580?
8
What is the tens digit of 297725?
2
What is the hundreds digit of 888227?
2
What is the thousands digit of 1481200?
1
What is the ten thousands digit of 1044088?
4
What is the hundreds digit of 479177?
1
What is the hundred thousands digit of 250201?
2
What is the units digit of 4332265?
5
What is the ten millions digit of 11244354?
1
What is the tens digit of 446261?
6
What is the thousands digit of 2780643?
0
What is the units digit of 34873?
3
What is the hundred thousands digit of 837063?
8
What is the millions digit of 2715226?
2
What is the hundred thousands digit of 530098?
5
What is the tens digit of 57618?
1
What is the hundred thousands digit of 34540515?
5
What is the thousands digit of 2828813?
8
What is the millions digit of 1176496?
1
What is the tens digit of 21199721?
2
What is the hundred thousands digit of 6800678?
8
What is the tens digit of 762624?
2
What is the thousands digit of 246851?
6
What is the hundreds digit of 5503620?
6
What is the tens digit of 1137074?
7
What is the hundred thousands digit of 334690?
3
What is the tens digit of 2447992?
9
What is the tens digit of 23269209?
0
What is the units digit of 2250369?
9
What is the thousands digit of 221991?
1
What is the thousands digit of 300889?
0
What is the hundreds digit of 5412164?
1
What is the hundreds digit of 107524?
5
What is the thousands digit of 1569597?
9
What is the hundred thousands digit of 8293153?
2
What is the tens digit of 108128?
2
What is the hundred thousands digit of 537286?
5
What is the hundred thousands digit of 203574?
2
What is the units digit of 272542?
2
What is the millions digit of 1143600?
1
What is the units digit of 17194977?
7
What is the tens digit of 919039?
3
What is the thousands digit of 268978?
8
What is the thousands digit of 165713?
5
What is the hundred thousands digit of 11400447?
4
What is the ten thousands digit of 1173366?
7
What is the tens digit of 181399?
9
What is the thousands digit of 511199?
1
What is the hundred thousands digit of 2046385?
0
What is the ten thousands digit of 658705?
5
What is the hundreds digit of 1055365?
3
What is the tens digit of 56256?
5
What is the units digit of 288278?
8
What is the hundred thousands digit of 1312858?
3
What is the hundreds digit of 136727?
7
What is the hundred thousands digit of 1633856?
6
What is the units digit of 355724?
4
What is the hundred thousands digit of 9265883?
2
What is the hundreds digit of 48767?
7
What is the millions digit of 4573646?
4
What is the ten thousands digit of 3523501?
2
What is the units digit of 7867347?
7
What is the thousands digit of 93871?
3
What is the units digit of 20567812?
2
What is the hundred thousands digit of 350110?
3
What is the hundreds digit of 12350270?
2
What is the ten thousands digit of 1555394?
5
What is the thousands digit of 34530103?
0
What is the hundreds digit of 3391085?
0
What is the millions digit of 2585582?
2
What is the hundreds digit of 817686?
6
What is the unit